5) to base 12
-3bb
What is 1303152 (base 6) in base 13?
26246
What is 1040 (base 8) in base 10?
544
13221 (base 5) to base 10
1061
Convert 40bc (base 14) to base 16.
2b86
Convert -217 (base 13) to base 3.
-111021
-202114 (base 5) to base 13
-2c88
What is -1151 (base 9) in base 11?
-709
What is 1886 (base 11) in base 7?
6656
What is 190 (base 15) in base 5?
2420
-29a9 (base 15) to base 4
-2023212
Convert 11100111010101 (base 2) to base 13.
697b
What is 48a8 (base 11) in base 14?
249c
511 (base 8) to base 11
27a
Convert -273 (base 12) to base 11.
-311
What is -21020110 (base 3) in base 13?
-252c
b43 (base 15) to base 13
1203
What is -c745 (base 13) in base 12?
-13b84
Convert -1232 (base 5) to base 9.
-233
Convert 14227 (base 9) to base 11.
7296
1dd1 (base 14) to base 13
2652
10231 (base 5) to base 10
691
What is 23df (base 16) in base 15?
2ac3
What is 1db (base 14) in base 15?
1ae
What is -13105 (base 8) in base 5?
-140301
Convert -132301 (base 4) to base 12.
-1181
-222222221 (base 3) to base 14
-725b
Convert 7c (base 13) to base 2.
1100111
What is 6482 (base 12) in base 8?
25442
Convert -316 (base 14) to base 15.
-2a8
Convert 1412 (base 7) to base 14.
2b2
What is 36cd (base 14) in base 9?
14134
Convert 419 (base 12) to base 2.
1001010101
Convert 20002222 (base 3) to base 9.
6088
What is 2000112 (base 3) in base 13?
893
Convert -1310012 (base 4) to base 9.
-11165
303 (base 6) to base 14
7d
Convert -780a (base 12) to base 9.
-20161
What is -1208 (base 11) in base 6?
-11153
What is 1109 (base 13) in base 8?
4507
Convert -44315 (base 6) to base 8.
-14027
What is 7032 (base 10) in base 14?
27c4
What is 515 (base 16) in base 15?
5bb
a1f2 (base 16) to base 14
11174
196b (base 14) to base 2
1000111111011
Convert -598 (base 11) to base 13.
-42a
Convert 211000102 (base 3) to base 14.
5bc5
What is -2751 (base 8) in base 14?
-7a1
What is 123300 (base 5) in base 16?
12d9
-1110010100 (base 2) to base 9
-1227
-1dd5 (base 15) to base 16
-1964
Convert 4532 (base 8) to base 4.
211122
Convert -339 (base 12) to base 15.
-21c
Convert 94 (base 16) to base 12.
104
What is 11854 (base 11) in base 2?
100001001100111
-b78 (base 13) to base 2
-11110100110
What is -280 (base 10) in base 12?
-1b4
7027 (base 8) to base 7
13342
7661 (base 9) to base 5
140034
What is 232030 (base 5) in base 9?
12452
Convert 131505 (base 7) to base 13.
b277
121 (base 4) to base 8
31
20203 (base 5) to base 3
1210021
What is -162 (base 8) in base 6?
-310
What is 1421 (base 5) in base 13?
152
What is 808 (base 9) in base 14?
34c
-652 (base 8) to base 2
-110101010
What is -1426 (base 8) in base 12?
-55a
Convert -2002010 (base 3) to base 15.
-6b0
Convert -1112120 (base 4) to base 7.
-22055
Convert 10313 (base 4) to base 9.
375
What is 13320 (base 4) in base 8?
770
What is 35 (base 9) in base 11?
2a
What is 2113 (base 8) in base 4?
101023
What is 522043 (base 6) in base 13?
16116
Convert 1210110 (base 3) to base 7.
3546
Convert -1300 (base 6) to base 5.
-2244
-83 (base 9) to base 7
-135
Convert 2a36 (base 16) to base 3.
112211020
What is -151cc (base 15) in base 7?
-402003
37666 (base 10) to base 7
214546
Convert -2034 (base 6) to base 10.
-454
-100100001010 (base 2) to base 8
-4412
Convert -c3a5 (base 14) to base 6.
-415501
Convert -24534 (base 7) to base 2.
-1100100101100
Convert 100111000010101 (base 2) to base 7.
112164
What is -441224 (base 5) in base 4?
-3231111
14212 (base 5) to base 16
49e
What is -25866 (base 10) in base 11?
-18485
3662 (base 9) to base 13
131c
Convert -1347 (base 9) to base 11.
-843
What is 365c (base 16) in base 4?
3121130
What is -1102 (base 7) in base 16?
-18a
31532 (base 6) to base 5
114204
5a1 (base 11) to base 13
431
What is 43760 (base 8) in base 2?
100011111110000
-2673 (base 8) to base 7
-4164
187 (base 16) to base 9
474
What is -4006 (base 11) in base 10?
-5330
Convert -142240 (base 7) to base 6.
-330011
What is 2002001222 (base 3) in base 16?
9fad
Convert -1111110100010 (base 2) to base 15.
-25ed
-28e (base 15) to base 4
-21020
Convert -2871 (base 11) to base 5.
-104313
What is -26653 (base 10) in base 3?
-1100120011
What is 10112 (base 3) in base 2?
1011111
Convert -1816 (base 12) to base 4.
-231102
402234 (base 6) to base 15
958a
Convert -9850 (base 10) to base 14.
-3838
-6cb4 (base 15) to base 10
-23119
-1177 (base 9) to base 5
-12010
Convert 19906 (base 11) to base 15.
832a
What is 223405 (base 8) in base 11?
5181a
What is -1a1b (base 14) in base 6?
-33521
What is -112310 (base 5) in base 9?
-5533
Convert 1b (base 15) to base 7.
35
-5648 (base 12) to base 13
-4475
Convert -1003112 (base 6) to base 7.
-255020
What is 8053 (base 14) in base 5?
1201100
2e40 (base 16) to base 14
445a
Convert 3311300 (base 4) to base 12.
9128
What is 53a7 (base 13) in base 15?
36a4
What is -1393 (base 11) in base 12?
-1058
What is -9272 (base 11) in base 8?
-30014
20000021 (base 3) to base 12
2651
Convert 2298 (base 11) to base 9.
4115
-9f7 (base 16) to base 6
-15451
Convert -2755 (base 8) to base 6.
-11005
-203 (base 10) to base 9
-245
-104364 (base 8) to base 15
-a5c5
125 (base 6) to base 14
3b
-1971 (base 13) to base 11
-2954
Convert 2450 (base 8) to base 5.
20240
-16476 (base 10) to base 5
-1011401
11110010001 (base 2) to base 16
791
What is 44340 (base 5) in base 9?
4218
1011110 (base 2) to base 4
1132
-3252 (base 6) to base 10
-752
-21415 (base 6) to base 8
-5623
Convert -122010 (base 4) to base 11.
-1287
What is -1031 (base 7) in base 10?
-365
Convert -20000200 (base 3) to base 15.
-147c
106042 (base 9) to base 6
1205445
Convert -1aa7 (base 13) to base 14.
-1676
-512 (base 12) to base 8
-1336
-13202 (base 5) to base 11
-877
What is -5a (base 14) in base 12?
-68
What is 331002 (base 4) in base 2?
111101000010
Convert 10100010011010 (base 2) to base 14.
3b06
Convert -7112 (base 11) to base 12.
-5577
Convert -10466 (base 8) to base 14.
-186a
Convert -10b8 (base 13) to base 12.
-1438
Convert 18042 (base 12) to base 16.
8732
What is -45e (base 16) in base 7?
-3155
4029 (base 10) to base 16
fbd
Convert 3011310 (base 4) to base 10.
12660
What is -306 (base 11) in base 8?
-561
-527 (base 10) to base 2
-1000001111
1428 (base 13) to base 2
101101011011
Convert 100111011011 (base 2) to base 14.
cc3
Convert 43342 (base 5) to base 6.
21432
a675 (base 11) to base 8
33446
What is -5a1 (base 15) in base 4?
-103330
What is -3382 (base 10) in base 9?
-4567
What is 399 (base 14) in base 15?
333
What is -43445 (base 6) in base 14?
-228d
What is 18419 (base 10) in base 16?
47f3
-21a (base 16) to base 7
-1366
What is -11035 (base 7) in base 3?
-10210121
What is -2414 (base 6) in base 11?
-493
11090 (base 12) to base 5
1210242
Convert -107 (base 11) to base 2.
-10000000
Convert -95 (base 15) to base 6.
-352
Convert 38260 (base 9) to base 12.
12a83
Convert 4c89 (base 13) to base 2.
10101010110001
What is -f28c (base 16) in base 7?
-346012
Convert 2006 (base 7) to base 15.
312
What is -5772 (base 12) in base 2?
-10011000000110
Convert 736 (base 12) to base 9.
1386
Convert 901 (base 13) to base 15.
6b7
-20035 (base 6) to base 12
-161b
-616 (base 8) to base 2
-110001110
What is -28754 (base 9) in base 15?
-5bea
Convert -b48 (base 15) to base 5.
-40133
What is -4110 (base 6) in base 3?
-1020120
Convert -12313 (base 6) to base 11.
-1428
1343 (base 13) to base 11
2089
Convert 8 (base 12) to base 7.
11
322 (base 4) to base 13
46
Convert a5d (base 14) to base 7.
5646
Convert -141231 (base 5) to base 9.
-7872
What is 12406 (base 7) in base 10?
3289
What is -1020001 (base 3) in base 8?
-1574
Convert 33033 (base 6) to base 5.
121212
-4140 (base 8) to base 6
-13532
Convert -114 (base 5) to base 6.
-54
What is 10101000101 (base 2) in base 6?
10125
-235564 (base 7) to base 8
-123507
-11824 (base 11) to base 14
-627c
What is 43214 (base 5) in base 2?
101101110110
What is 5344 (base 9) in base 16?
f58
1000110101010 (base 2) to base 16
11aa
What is ba94 (base 13) in base 4?
12111322
What is -2211202 (base 3) in base 7?
-6020
21220 (base 3) to base 15
e3
-311 (base 9) to base 4
-3331
Convert -20514 (base 8) to base 9.
-12621
What is -22435 (base 6) in base 3?
-11101012
What is 236656 (base 7) in base 14?
11a66
1c0d (base 14) to base 7
20616
What is 134043 (base 5) in base 4?
1112103
-11111 (base 4) to base 2
